{"id":177,"date":"2024-05-08T13:11:14","date_gmt":"2024-05-08T16:11:14","guid":{"rendered":"https:\/\/obituarioarquitetura.com.br\/?page_id=177"},"modified":"2024-05-08T13:11:14","modified_gmt":"2024-05-08T16:11:14","slug":"verdejante","status":"publish","type":"page","link":"https:\/\/obituarioarquitetura.com.br\/?page_id=177","title":{"rendered":"verdejante"},"content":{"rendered":"\n<p>Muro baixo pintado de verde, paredes encravadas de pedras escuras e claras, port\u00f5es verdes escuros. Desta moldura, brotam toda sorte palmeiras e de samambaias. Caqueiras que marcam o port\u00e3ozinho da entrada de pedestres. Atr\u00e1s deste primeiro plano, um edif\u00edcio de t\u00e9rreo + um. Ali tamb\u00e9m tem uma s\u00e9rie de materiais expostos, tijolinhos \u00e0 vista recuados, com uma portada de concreto pintado de branco. Cer\u00e2micas verdes terminam as linhas da fachada enquanto uma janela enorme se abre para a rua. Piso ao teto. A rua entra atrav\u00e9s das grades e se espalha pelo interior da sala. Os jardins opulentos n\u00e3o se restringem aos canteirinhos do edif\u00edcio, mas tamb\u00e9m ao cajueiro frondoso do vizinho e toda sorte de plantas de flor que invadem a cal\u00e7ada e projetam sobre o predinho verdejante \u00e0s sombras que dan\u00e7am no fim da tarde. Com o vento, as sombras balan\u00e7am ao ritmo do ar. Fazem um som em camadas de folhas onde ouvimos o mar.<\/p>\n\n\n\n<figure class=\"wp-block-image size-large\"><img loading=\"lazy\" decoding=\"async\" width=\"1024\" height=\"609\" src=\"https:\/\/obituarioarquitetura.com.br\/wp-content\/uploads\/2024\/05\/2-1-1024x609.png\" alt=\"\" class=\"wp-image-179\" srcset=\"https:\/\/obituarioarquitetura.com.br\/wp-content\/uploads\/2024\/05\/2-1-1024x609.png 1024w, https:\/\/obituarioarquitetura.com.br\/wp-content\/uploads\/2024\/05\/2-1-300x178.png 300w, https:\/\/obituarioarquitetura.com.br\/wp-content\/uploads\/2024\/05\/2-1-768x456.png 768w, https:\/\/obituarioarquitetura.com.br\/wp-content\/uploads\/2024\/05\/2-1-1536x913.png 1536w, https:\/\/obituarioarquitetura.com.br\/wp-content\/uploads\/2024\/05\/2-1-2048x1217.png 2048w\" sizes=\"(max-width: 1024px) 100vw, 1024px\" \/><\/figure>\n\n\n\n<figure class=\"wp-block-image size-full\"><img loading=\"lazy\" decoding=\"async\" width=\"700\" height=\"420\" src=\"https:\/\/obituarioarquitetura.com.br\/wp-content\/uploads\/2024\/05\/6-1.jpg\" alt=\"\" class=\"wp-image-183\" srcset=\"https:\/\/obituarioarquitetura.com.br\/wp-content\/uploads\/2024\/05\/6-1.jpg 700w, https:\/\/obituarioarquitetura.com.br\/wp-content\/uploads\/2024\/05\/6-1-300x180.jpg 300w\" sizes=\"(max-width: 700px) 100vw, 700px\" \/><\/figure>\n\n\n\n<figure class=\"wp-block-image size-large\"><img loading=\"lazy\" decoding=\"async\" width=\"1024\" height=\"584\" src=\"https:\/\/obituarioarquitetura.com.br\/wp-content\/uploads\/2024\/05\/3-1-1024x584.png\" alt=\"\" class=\"wp-image-180\" srcset=\"https:\/\/obituarioarquitetura.com.br\/wp-content\/uploads\/2024\/05\/3-1-1024x584.png 1024w, https:\/\/obituarioarquitetura.com.br\/wp-content\/uploads\/2024\/05\/3-1-300x171.png 300w, https:\/\/obituarioarquitetura.com.br\/wp-content\/uploads\/2024\/05\/3-1-768x438.png 768w, https:\/\/obituarioarquitetura.com.br\/wp-content\/uploads\/2024\/05\/3-1-1536x876.png 1536w, https:\/\/obituarioarquitetura.com.br\/wp-content\/uploads\/2024\/05\/3-1-2048x1168.png 2048w\" sizes=\"(max-width: 1024px) 100vw, 1024px\" \/><\/figure>\n\n\n\n<figure class=\"wp-block-image size-large\"><img loading=\"lazy\" decoding=\"async\" width=\"1024\" height=\"565\" src=\"https:\/\/obituarioarquitetura.com.br\/wp-content\/uploads\/2024\/05\/1-1-1024x565.png\" alt=\"\" class=\"wp-image-178\" srcset=\"https:\/\/obituarioarquitetura.com.br\/wp-content\/uploads\/2024\/05\/1-1-1024x565.png 1024w, https:\/\/obituarioarquitetura.com.br\/wp-content\/uploads\/2024\/05\/1-1-300x166.png 300w, https:\/\/obituarioarquitetura.com.br\/wp-content\/uploads\/2024\/05\/1-1-768x424.png 768w, https:\/\/obituarioarquitetura.com.br\/wp-content\/uploads\/2024\/05\/1-1-1536x848.png 1536w, https:\/\/obituarioarquitetura.com.br\/wp-content\/uploads\/2024\/05\/1-1-2048x1130.png 2048w\" sizes=\"(max-width: 1024px) 100vw, 1024px\" \/><\/figure>\n\n\n\n<figure class=\"wp-block-image size-large\"><img loading=\"lazy\" decoding=\"async\" width=\"1024\" height=\"690\" src=\"https:\/\/obituarioarquitetura.com.br\/wp-content\/uploads\/2024\/05\/4-1-1024x690.png\" alt=\"\" class=\"wp-image-181\" srcset=\"https:\/\/obituarioarquitetura.com.br\/wp-content\/uploads\/2024\/05\/4-1-1024x690.png 1024w, https:\/\/obituarioarquitetura.com.br\/wp-content\/uploads\/2024\/05\/4-1-300x202.png 300w, https:\/\/obituarioarquitetura.com.br\/wp-content\/uploads\/2024\/05\/4-1-768x517.png 768w, https:\/\/obituarioarquitetura.com.br\/wp-content\/uploads\/2024\/05\/4-1-1536x1035.png 1536w, https:\/\/obituarioarquitetura.com.br\/wp-content\/uploads\/2024\/05\/4-1-2048x1380.png 2048w\" sizes=\"(max-width: 1024px) 100vw, 1024px\" \/><\/figure>\n\n\n\n<figure class=\"wp-block-image size-large\"><img loading=\"lazy\" decoding=\"async\" width=\"1024\" height=\"683\" src=\"https:\/\/obituarioarquitetura.com.br\/wp-content\/uploads\/2024\/05\/5-5-1024x683.png\" alt=\"\" class=\"wp-image-182\" srcset=\"https:\/\/obituarioarquitetura.com.br\/wp-content\/uploads\/2024\/05\/5-5-1024x683.png 1024w, https:\/\/obituarioarquitetura.com.br\/wp-content\/uploads\/2024\/05\/5-5-300x200.png 300w, https:\/\/obituarioarquitetura.com.br\/wp-content\/uploads\/2024\/05\/5-5-768x512.png 768w, https:\/\/obituarioarquitetura.com.br\/wp-content\/uploads\/2024\/05\/5-5-1536x1024.png 1536w, https:\/\/obituarioarquitetura.com.br\/wp-content\/uploads\/2024\/05\/5-5-2048x1365.png 2048w\" sizes=\"(max-width: 1024px) 100vw, 1024px\" \/><\/figure>\n","protected":false},"excerpt":{"rendered":"<p>Muro baixo pintado de verde, paredes encravadas de pedras escuras e claras, port\u00f5es verdes escuros. Desta moldura, brotam toda sorte palmeiras e de samambaias. Caqueiras que marcam o port\u00e3ozinho da entrada de pedestres. Atr\u00e1s deste primeiro plano, um edif\u00edcio de t\u00e9rreo + um. Ali tamb\u00e9m tem uma s\u00e9rie de materiais expostos, tijolinhos \u00e0 vista recuados, [&hellip;]<\/p>\n","protected":false},"author":1,"featured_media":0,"parent":0,"menu_order":0,"comment_status":"closed","ping_status":"closed","template":"","meta":{"footnotes":""},"_links":{"self":[{"href":"https:\/\/obituarioarquitetura.com.br\/index.php?rest_route=\/wp\/v2\/pages\/177"}],"collection":[{"href":"https:\/\/obituarioarquitetura.com.br\/index.php?rest_route=\/wp\/v2\/pages"}],"about":[{"href":"https:\/\/obituarioarquitetura.com.br\/index.php?rest_route=\/wp\/v2\/types\/page"}],"author":[{"embeddable":true,"href":"https:\/\/obituarioarquitetura.com.br\/index.php?rest_route=\/wp\/v2\/users\/1"}],"replies":[{"embeddable":true,"href":"https:\/\/obituarioarquitetura.com.br\/index.php?rest_route=%2Fwp%2Fv2%2Fcomments&post=177"}],"version-history":[{"count":1,"href":"https:\/\/obituarioarquitetura.com.br\/index.php?rest_route=\/wp\/v2\/pages\/177\/revisions"}],"predecessor-version":[{"id":185,"href":"https:\/\/obituarioarquitetura.com.br\/index.php?rest_route=\/wp\/v2\/pages\/177\/revisions\/185"}],"wp:attachment":[{"href":"https:\/\/obituarioarquitetura.com.br\/index.php?rest_route=%2Fwp%2Fv2%2Fmedia&parent=177"}],"curies":[{"name":"wp","href":"https:\/\/api.w.org\/{rel}","templated":true}]}}